{"id":91,"date":"2020-05-04T07:49:51","date_gmt":"2020-05-04T06:49:51","guid":{"rendered":"http:\/\/rok-bauelemente.de\/?page_id=91"},"modified":"2020-07-27T11:00:29","modified_gmt":"2020-07-27T10:00:29","slug":"impressum","status":"publish","type":"page","link":"https:\/\/rok-bauelemente.de\/?page_id=91","title":{"rendered":"Impressum"},"content":{"rendered":"\n<p><strong>ROK Bauelemente<\/strong> Ihn. I. Reissner &amp; R. Stoll GbR<\/p>\n\n\n\n<p><\/p>\n\n\n\n<p><br>Bebelsbergstrasse 23<br>71088 Holzgerlingen<br><br>Tel.: (0 70 31) 73 46 888  Fax: (0 70 31) 73 46 889<br><br>E-mail:&nbsp;<a href=\"mailto:info@ingo-reissner.de\">info@rok-bauelemente.de<\/a><\/p>\n\n\n\n<p>Internet: www.rok-bauelemente.de<br><br><\/p>\n\n\n\n<p>Betriebsinhaber: I. Reissner &amp; R. Stoll<\/p>\n\n\n\n<p>Einzelunternehmen ohne Eintrag im Handelsregister<\/p>\n\n\n\n<p>USt-Id-Nr. DE 310 594 007<\/p>\n\n\n\n<p>Zust\u00e4ndige Handwerkskammer: Handwerkskammer Region Stuttgart<\/p>\n\n\n\n<p>Heilbronner Stra\u00dfe 43, 70191 Stuttgart,&nbsp;<a href=\"http:\/\/www.hwk-stuttgart.de\/\">www.hwk-stuttgart.de<\/a><\/p>\n\n\n\n<p><br><br>Achtung:&nbsp;<br>Das Landgericht Hamburg hat mit Urteil vom 12. Mai 1998 entschieden, dass man durch die Ausbringung eines Links die Inhalte der gelinkten Seite ggf.&nbsp;<br>mit zu verantworten hat. Dies kann &#8211; so das LG &#8211; nur dadurch verhindert werden, dass man sich ausdr\u00fccklich von diesen Inhalten distanziert.&nbsp;<br>Wir haben auf unserer Page Links zu anderen Seiten im Internet gelegt. F\u00fcr alle Links gilt: Wir m\u00f6chten ausdr\u00fccklich betonen, dass wir keinerlei&nbsp;<br><br>Einfluss auf die Gestaltung und die Inhalte der gelinkten Seiten haben.&nbsp;<br>Wir distanzieren uns hiermit ausdr\u00fccklich von allen Inhalten aller Seiten auf unserer gesamten Website inkl. aller Unterseiten. Diese Erkl\u00e4rung gilt&nbsp;<br><br>f\u00fcr alle auf unserer Homepage ausgebrachten Links und f\u00fcr alle Inhalte der Seiten, zu denen Links oder Banner f\u00fchren.<\/p>\n\n\n\n<p>\u00a9 2020 by ROK Bauelemente<\/p>\n","protected":false},"excerpt":{"rendered":"<p>ROK Bauelemente Ihn. I. Reissner &amp; R. Stoll GbR Bebelsbergstrasse 2371088 Holzgerlingen Tel.: (0 70 31) 73 46 888 Fax: (0 70 31) 73 46 889 E-mail:&nbsp;info@rok-bauelemente.de Internet: www.rok-bauelemente.de Betriebsinhaber: I. Reissner &amp; R. Stoll Einzelunternehmen ohne Eintrag im Handelsregister USt-Id-Nr. DE 310 594 007 Zust\u00e4ndige Handwerkskammer: Handwerkskammer Region Stuttgart Heilbronner Stra\u00dfe 43, 70191 Stuttgart,&nbsp;www.hwk-stuttgart.de [&hellip;]<\/p>\n","protected":false},"author":1,"featured_media":0,"parent":50,"menu_order":0,"comment_status":"closed","ping_status":"closed","template":"","meta":[],"_links":{"self":[{"href":"https:\/\/rok-bauelemente.de\/index.php?rest_route=\/wp\/v2\/pages\/91"}],"collection":[{"href":"https:\/\/rok-bauelemente.de\/index.php?rest_route=\/wp\/v2\/pages"}],"about":[{"href":"https:\/\/rok-bauelemente.de\/index.php?rest_route=\/wp\/v2\/types\/page"}],"author":[{"embeddable":true,"href":"https:\/\/rok-bauelemente.de\/index.php?rest_route=\/wp\/v2\/users\/1"}],"replies":[{"embeddable":true,"href":"https:\/\/rok-bauelemente.de\/index.php?rest_route=%2Fwp%2Fv2%2Fcomments&post=91"}],"version-history":[{"count":2,"href":"https:\/\/rok-bauelemente.de\/index.php?rest_route=\/wp\/v2\/pages\/91\/revisions"}],"predecessor-version":[{"id":95,"href":"https:\/\/rok-bauelemente.de\/index.php?rest_route=\/wp\/v2\/pages\/91\/revisions\/95"}],"up":[{"embeddable":true,"href":"https:\/\/rok-bauelemente.de\/index.php?rest_route=\/wp\/v2\/pages\/50"}],"wp:attachment":[{"href":"https:\/\/rok-bauelemente.de\/index.php?rest_route=%2Fwp%2Fv2%2Fmedia&parent=91"}],"curies":[{"name":"wp","href":"https:\/\/api.w.org\/{rel}","templated":true}]}}